4225 is divided by 47?
9
Calculate the remainder when 44938 is divided by 713.
19
What is the remainder when 18173 is divided by 4543?
1
Calculate the remainder when 5205 is divided by 571.
66
Calculate the remainder when 64813 is divided by 100.
13
What is the remainder when 200874 is divided by 155?
149
Calculate the remainder when 14353 is divided by 369.
331
Calculate the remainder when 2773 is divided by 296.
109
What is the remainder when 4964695 is divided by 333?
331
Calculate the remainder when 3658 is divided by 911.
14
What is the remainder when 10935 is divided by 4707?
1521
Calculate the remainder when 88221 is divided by 17640.
21
Calculate the remainder when 3663338 is divided by 1757.
1750
What is the remainder when 3045 is divided by 122?
117
Calculate the remainder when 4187 is divided by 1957.
273
What is the remainder when 89117 is divided by 8?
5
What is the remainder when 350936 is divided by 40?
16
Calculate the remainder when 7863 is divided by 1954.
47
What is the remainder when 41838 is divided by 10458?
6
What is the remainder when 3025 is divided by 241?
133
Calculate the remainder when 64973 is divided by 7218.
11
Calculate the remainder when 889 is divided by 16.
9
Calculate the remainder when 12573 is divided by 6268.
37
Calculate the remainder when 555 is divided by 221.
113
What is the remainder when 54 is divided by 18?
0
What is the remainder when 3303 is divided by 407?
47
What is the remainder when 4522 is divided by 83?
40
What is the remainder when 68639 is divided by 75?
14
What is the remainder when 31418 is divided by 10463?
29
What is the remainder when 765178 is divided by 52?
50
Calculate the remainder when 194015 is divided by 406.
353
What is the remainder when 77370 is divided by 619?
614
Calculate the remainder when 107323 is divided by 3.
1
Calculate the remainder when 20638 is divided by 40.
38
Calculate the remainder when 10353 is divided by 5175.
3
What is the remainder when 3539787 is divided by 28?
27
What is the remainder when 79495 is divided by 21?
10
What is the remainder when 78713 is divided by 9838?
9
Calculate the remainder when 63781 is divided by 268.
265
Calculate the remainder when 37829 is divided by 276.
17
Calculate the remainder when 1671 is divided by 408.
39
Calculate the remainder when 124665 is divided by 87.
81
Calculate the remainder when 12307 is divided by 822.
799
What is the remainder when 446726 is divided by 16545?
11
Calculate the remainder when 27118 is divided by 1188.
982
Calculate the remainder when 10860 is divided by 247.
239
What is the remainder when 2822687 is divided by 594?
593
Calculate the remainder when 25094 is divided by 9.
2
What is the remainder when 52179 is divided by 1684?
1659
What is the remainder when 283952 is divided by 133?
130
What is the remainder when 41031 is divided by 145?
141
Calculate the remainder when 3995 is divided by 25.
20
Calculate the remainder when 6908 is divided by 24.
20
Calculate the remainder when 2549 is divided by 3.
2
What is the remainder when 9347 is divided by 1775?
472
What is the remainder when 745363 is divided by 1343?
1341
Calculate the remainder when 18 is divided by 17.
1
Calculate the remainder when 257180 is divided by 3523.
1
What is the remainder when 70007 is divided by 194?
167
Calculate the remainder when 7252 is divided by 38.
32
What is the remainder when 214329 is divided by 12?
9
Calculate the remainder when 39451 is divided by 12.
7
Calculate the remainder when 3218 is divided by 846.
680
Calculate the remainder when 20833 is divided by 372.
1
Calculate the remainder when 1242160 is divided by 13.
10
What is the remainder when 8518 is divided by 40?
38
What is the remainder when 45345 is divided by 15111?
12
What is the remainder when 40727 is divided by 156?
11
Calculate the remainder when 2431 is divided by 2358.
73
Calculate the remainder when 1395 is divided by 125.
20
What is the remainder when 2092 is divided by 696?
4
Calculate the remainder when 6129 is divided by 60.
9
What is the remainder when 23688 is divided by 3876?
432
What is the remainder when 336039 is divided by 30549?
0
What is the remainder when 13813 is divided by 291?
136
Calculate the remainder when 1004 is divided by 25.
4
What is the remainder when 90 is divided by 60?
30
What is the remainder when 478101 is divided by 66?
63
What is the remainder when 124613 is divided by 1501?
30
What is the remainder when 2961 is divided by 190?
111
What is the remainder when 62150 is divided by 1942?
6
Calculate the remainder when 84611 is divided by 3252.
59
What is the remainder when 1337 is divided by 352?
281
Calculate the remainder when 1303203 is divided by 218.
217
What is the remainder when 26336 is divided by 325?
11
Calculate the remainder when 148429 is divided by 74181.
67
What is the remainder when 144842 is divided by 87?
74
What is the remainder when 3360297 is divided by 60?
57
Calculate the remainder when 190677 is divided by 123.
27
Calculate the remainder when 5220 is divided by 416.
228
What is the remainder when 708164 is divided by 141629?
19
Calculate the remainder when 5873 is divided by 230.
123
Calculate the remainder when 16760 is divided by 100.
60
Calculate the remainder when 696 is divided by 122.
86
What is the remainder when 167891 is divided by 7631?
9
Calculate the remainder when 71084 is divided by 98.
34
Calculate the remainder when 6505 is divided by 232.
9
What is the remainder when 1579988 is divided by 131?
128
Calculate the remainder when 227011 is divided by 282.
1
Calculate the remainder when 81949 is divided by 5114.
125
Calculate the remainder when 26350 is divided by 175.
100
Calculate the remainder when 10489 is divided by 233.
4
Calculate the remainder when 5963 is divided by 675.
563
Calculate the remainder when 15405 is divided by 36.
33
Calculate the remainder when 121123 is divided by 57.
55
What is the remainder when 17329 is divided by 81?
76
Calculate the remainder when 2230972 is divided by 44.
40
Calculate the remainder when 1006 is divided by 950.
56
Calculate the remainder when 140236 is divided by 74.
6
What is the remainder when 10824 is divided by 107?
17
What is the remainder when 45772 is divided by 440?
12
Calculate the remainder when 22373 is divided by 1309.
120
Calculate the remainder when 1119345 is divided by 51.
48
What is the remainder when 655 is divided by 49?
18
Calculate the remainder when 25184 is divided by 413.
404
Calculate the remainder when 6896 is divided by 111.
14
Calculate the remainder when 1643 is divided by 1471.
172
What is the remainder when 631 is divided by 248?
135
What is the remainder when 257711 is divided by 336?
335
Calculate the remainder when 16542 is divided by 1192.
1046
What is the remainder when 10886 is divided by 1359?
14
What is the remainder when 24804 is divided by 1123?
98
What is the remainder when 33808 is divided by 49?
47
Calculate the remainder when 14438 is divided by 52.
34
Calculate the remainder when 1287 is divided by 188.
159
What is the remainder when 4065 is divided by 200?
65
Calculate the remainder when 5111 is divided by 269.
0
What is the remainder when 761562 is divided by 38?
4
What is the remainder when 6125 is divided by 1224?
5
Calculate the remainder when 54199 is divided by 860.
19
What is the remainder when 167285 is divided by 98?
97
What is the remainder when 125643 is divided by 65?
63
Calculate the remainder when 82070 is divided by 599.
7
What is the remainder when 1083 is divided by 180?
3
Calculate the remainder when 1798 is divided by 55.
38
What is the remainder when 109205 is divided by 54602?
1
Calculate the remainder when 1426 is divided by 706.
14
What is the remainder when 955 is divided by 61?
40
Calculate the remainder when 10331 is divided by 604.
63
Calculate the remainder when 132236 is divided by 593.
590
Calculate the remainder when 655246 is divided by 26.
20
What is the remainder when 15095 is divided by 100?
95
Calculate the remainder when 6191022 is divided by 291.
288
Calculate the remainder when 53718 is divided by 20.
18
What is the remainder when 5584 is divided by 2404?
776
Calculate the remainder when 7489 is divided by 3616.
257
Calculate the remainder whe